ctors of o?
5, 7, 67
Let u(p) be the second derivative of -p**4/12 + 5*p**3/6 - 3*p**2/2 - 5*p. Let h be u(2). List the prime factors of 44/h*18/12.
2, 11
Suppose -97 = c - 337. Suppose 0*y = -3*y + c. Let b = y + -57. List the prime factors of b.
23
Suppose 13*r - 16*r + 828 = 0. What are the prime factors of r?
2, 3, 23
Let t(n) = 6*n**2 + 6*n. Let l be t(-4). Suppose 0 = -4*q, 2*u - l = -3*q + q. Suppose u = -5*s + 156. List the prime factors of s.
2, 3
Let q be (-352)/(-80) - 2/5. Let f(o) = 2*o**3 - 3*o**2 - o - 2. What are the prime factors of f(q)?
2, 37
Let t(c) = 23*c**3 - 19*c**2 - 5*c + 13. List the prime factors of t(5).
2, 3, 199
Let n = 2 - 1. Let s(c) = 5*c**2 + c - 2. What are the prime factors of s(n)?
2
Let f(i) = 591*i**3 - 3*i + 4. What are the prime factors of f(1)?
2, 37
Suppose 2*b + 3*n = 19, 0*b + 5*b + 5 = 3*n. What are the prime factors of 6/9*b*219/2?
2, 73
Suppose 5*k + 226 + 144 = 0. Let c = -52 + k. Let d = -60 - c. List the prime factors of d.
2, 3, 11
Let h(j) = 9*j**2 + 27*j + 302. What are the prime factors of h(-22)?
2, 127
Let s = 3571 - 558. What are the prime factors of s?
23, 131
Suppose -4*i - m - 9 = -0*i, 0 = 3*i + 5*m + 11. Let q be (-2 - -5) + (i - -1). Suppose 5*s + 92 = q*o, 2*s - 3*s = -2. What are the prime factors of o?
3, 17
Let r(j) = 230*j + 115. What are the prime factors of r(13)?
3, 5, 23
Suppose 2*p = h, -5*p + 2*h = -0*h. Suppose -2*g = -r, 5*r + p - 10 = 5*g. What are the prime factors of g?
2
List the prime factors of 10/(-4)*68542/(-215).
797
Let w be (41/(-4))/((-7)/28). Suppose -8 = 5*g + n + 173, g = n - w. What are the prime factors of -2 + -1 + g/(-1)?
2, 17
What are the prime factors of (-2242)/(-8) - (12 + 561/(-44))?
281
Suppose 361 = 5*y - 384. Suppose 0 = 5*o + 5*x - 235, -o - y = -4*o - 5*x. List the prime factors of o.
43
Let t be -12 - (0/1 + 2). Let a = 12 + t. List the prime factors of 19 - (-3)/(3/a).
17
Let f(n) = n**2 + 6*n - 7. Let d = 56 - 47. What are the prime factors of f(d)?
2
Suppose 1365 = 20*i - 15*i. What are the prime factors of i?
3, 7, 13
Let o(s) = 2*s + 51. Let q be o(-24). Suppose 0 = -q*y - 231 + 837. What are the prime factors of y?
2, 101
Let o(p) = 231*p**2. What are the prime factors of o(1)?
3, 7, 11
Let w be 0/(-5) + -3 + 1. Let b be (2 - 2)/(-3) - w. List the prime factors of (-2)/b*3 + 17.
2, 7
Suppose -28*p + 14755 = -15*p. List the prime factors of p.
5, 227
Suppose -3*a + a = 4*v - 10, -15 = v + 4*a. Suppose 214 = v*b - 641. List the prime factors of b.
3, 19
Let z be -4 + 6 + (1 - -28). Let j = z + -56. Let q = -18 - j. List the prime factors of q.
7
Suppose 2*u + 54 = u. Let f = 201 + u. What are the prime factors of f?
3, 7
Let k(z) = -z**2 + 5*z + 13. Let p be k(5). Suppose 0 = -p*y + 7*y + 1698. List the prime factors of y.
283
Let h(w) = w**2 + 4 - 7*w + 0 + 5*w + 0*w. Let q(a) = -a**3 - a**2 + 5*a + 4. Let y be q(-3). What are the prime factors of h(y)?
3, 13
Let l = 25 - 22. Let p = 1 + l. Suppose 7*z - 57 = p*z. What are the prime factors of z?
19
Let z(g) = -4*g - 1. Let o(l) = -2*l + 1 - 5*l - 3. Let b(q) = -6*o(q) + 13*z(q). What are the prime factors of b(-1)?
3
Let g = 13 + 652. What are the prime factors of g?
5, 7, 19
Suppose 317 = 4*q - 111. What are the prime factors of q?
107
Let d = -6 + 11. Let p = 337 - 187. Suppose 0 = 5*r - 5*i - 140, i + 4*i - p = -d*r. What are the prime factors of r?
29
Suppose 3 - 7 = -2*q. Suppose -3*g + 5*a = q*a - 36, -4*a = 4*g - 80. What are the prime factors of g?
2
Suppose -8*w + 10*w = 0. Suppose -2*g - 1 = 9, 5*q + g - 50 = w. What are the prime factors of q?
11
Let j(t) = -t**3 + 10*t**2 + 11*t + 12. Let c be j(11). Suppose -2*q + o = -q - 13, c = -3*o. List the prime factors of (-37)/(-1) - (9 - q).
37
Suppose 3*b + 3*g = 4*b + 74, 5*b = -g - 434. Let z = b - -154. What are the prime factors of z?
2, 17
Let m(w) = w + 5. Let h be m(-4). What are the prime factors of (h + -3)/(3/(-165))?
2, 5, 11
Let a be 94490/45 - 2/(-9). Suppose 11*w + 527 = a. What are the prime factors of w?
11, 13
Suppose -26369 - 53 = -22*x. What are the prime factors of x?
1201
Let u(y) = -8*y**3 + 2*y**2 + 19*y + 7. List the prime factors of u(-5).
2, 13, 37
Let p(u) = 27*u + 4. Let s be p(-2). Let a be (20/s)/(1/(-110)). What are the prime factors of (-16 - -20) + a*1?
2, 3
Let w(q) = q**2 + 14*q - 39. Let n be w(9). Suppose -6*b = -4*b - n. What are the prime factors of b?
2, 3, 7
Let x(a) = 4*a + 12. Let c be x(-5). Let k = c + 41. List the prime factors of k.
3, 11
List the prime factors of (-1 + -104)/(6 - 7).
3, 5, 7
Let l(g) = g**2 + 12*g - 8. Let w be l(-13). Let i = w + -2. Suppose -i*y - 99 = -2*k, -2*k + 79 = 5*y + 20. What are the prime factors of k?
2, 3, 7
Suppose 11 = p + 8. List the prime factors of p/((-6)/(-94)) + -2.
3, 5
Suppose 9*w + 1050 - 3129 = 0. List the prime factors of w.
3, 7, 11
Let y = 124 + -130. List the prime factors of 78 - -20 - 2/(4/y).
101
Let y = 0 - -10. Let z = y + -4. Let h = z - -2. List the prime factors of h.
2
Let s be (2/7)/(5/35). Suppose 3*m + 12 = 0, 4*m + 386 = s*x + m. List the prime factors of x.
11, 17
Let l = 28 + 19. Let u = l - -14. List the prime factors of u.
61
Let l = 49 + -44. Suppose 0 = -2*b - 10, -5*r + 0*r - l*b = -310. What are the prime factors of r?
67
Suppose -174*a = -180*a + 1200. What are the prime factors of a?
2, 5
What are the prime factors of (-36)/(-90) - 3736/(-10)?
2, 11, 17
Let k = 38 - 37. List the prime factors of 93/6*(k + 1).
31
What are the prime factors of (-3648)/2*(-12)/24?
2, 3, 19
Let c be 1/(-4) + (-174)/8. Let h be 33/c*4/3. What are the prime factors of ((-18)/(-4) + h)*10?
5
Suppose 0 = 70*f - 68*f - 6092. List the prime factors of f.
2, 1523
Let m = 792 + -552. Suppose 3*z = 5*g - m, 0 = -g - g + 3*z + 87. List the prime factors of g.
3, 17
Let k be 96/56 - 6/(-21). Let v(r) = 12*r - 5. Let m(t) = -t. Let c(z) = -5*m(z) + v(z). What are the prime factors of c(k)?
29
Let w(n) = -n**3. Let a(b) = -5*b**3 + 3*b**2. Let p(v) = -a(v) + 6*w(v). Let j be p(-3). Suppose j = r - 14 - 5. List the prime factors of r.
19
Let x = -16 + 14. Let c = x - 0. What are the prime factors of -4 + 4 - c/1?
2
Let n(s) = 91*s**2 + 69*s - 381. List the prime factors of n(5).
2239
Let h(z) = 734*z**2 + 11*z + 7. What are the prime factors of h(-1)?
2, 5, 73
What are the prime factors of (0 - 1 - -163)/(24/120)?
2, 3, 5
Let x(z) = -z**3 + 6*z**2 + 2*z + 6. Let f be x(7). Let l = f - -17. Let r = 13 - l. What are the prime factors of r?
5
Let d(l) = 7*l + 16. Let w be d(-3). List the prime factors of ((-79 + 4)/w)/((-1)/(-3)).
3, 5
Let q(p) = p**3 - 4*p + 5. Let f be q(5). Let k = 166 - f. List the prime factors of k.
2, 7
Let i(k) = 7*k**2 + 55*k - 25. List the prime factors of i(15).
5, 19
Let w(m) = 4*m**2 - 9*m - 49. List the prime factors of w(-13).
2, 3, 31
Let q = -1360 - -2367. What are the prime factors of q?
19, 53
Let y(z) = 6*z**2 - 28*z + 25. List the prime factors of y(-15).
5, 359
Let r be (-1)/(-5) + 3340/50. Suppose -5*b - 5*m - r = -b, 3*b = -m - 64. Let v = b + 63. What are the prime factors of v?
2, 5
Suppose 2*q - 1544 = -5*r + 3077, -2*q - 2*r + 4618 = 0. List the prime factors of q.
2, 577
Let o(p) = p**2 - 17*p + 14. Let f be o(17). Suppose 0 = -f*c + 16*c - 188. What are the prime factors of c?
2, 47
List the prime factors of ((-4)/8)/((-3 - -4)/(-996)).
2, 3, 83
Let c(y) = 3*y + 13. Let x be c(-4). List the prime factors of 8/(x - 3) - (-4 - 48).
2, 3
Suppose 4*t = 7*t - 6. Let b(v) = 4 + 2*v - 1 + 13*v + v**t. What are the prime factors of b(-17)?
37
Let k be 6/5*(-60)/(-9). Suppose -5*a = -2 - k. Suppose 2*o + 28 = j - 2*o, -a*j = 4*o - 8. What are the prime factors of j?
2, 3
Suppose 2*h - 24 = 4*h. What are the prime factors of h/(-18) - (-668)/6?
2, 7
Suppose 0*t - 2*t - 4*x = -160, 0 = t - 2*x - 64. Let g = -69 + 72. Suppose -4*k - g*f + 108 = -123, k - 4*f = t. What are the prime factors of k?
2, 3, 5
Let x = -46 + 76. Suppose -35*u + 350 = -x*u. What are the prime factors of u?
2, 5, 7
Let j(o) = -o**2 - 7*o - 9. Let w be j(-6). Let z = w + 5. What are the prime factors of 170/15 + z/3?
2, 3
Let k(l) be the first derivative of -7*l**2/2 - 6*l + 7. Suppose 0 = -3*s - 7 - 2. What are the prime factors of k